 - f. What is the highest common divisor of f and q?
3
Let t(y) = 20*y**2 - 2*y + 3. Let i(w) = w**2 - 2*w - 1. Let r be i(-1). Let a be t(r). Let f = a + -19. Calculate the highest common factor of f and 15.
15
Let j(m) = m**2 + 8*m - 6. Let f be j(5). Suppose -3*a + f = -40. Calculate the greatest common divisor of a and 22.
11
Let v be 68 - (6/(-6) + (-6)/(-2)). Calculate the highest common divisor of v and 11.
11
Let n(o) = -5*o + 4. Let l be n(-9). Suppose 5*m - l = 1. Suppose -2*r - 16 = -t + m, -t + 3*r = -31. What is the highest common divisor of 8 and t?
8
Let g(o) = 5 - 2*o + 4*o**2 - o - 3 - 3. Let j be g(-2). Calculate the greatest common divisor of 21 and j.
21
Let k = 12 - -4. Let s = 39 - k. Calculate the greatest common factor of s and 253.
23
Suppose -2*x = -2*q + 56, -2*q + x + 2*x = -60. Suppose -v + 0*v = -5. Suppose t + 5 = 4*k, 2*k = -4*t + 21 - v. What is the greatest common factor of q and t?
3
Let x(a) = -a**2 - 5*a + 4. Let d be x(-6). Let s = d - -12. Calculate the greatest common factor of 4 and s.
2
Suppose 3*p - 69 - 3 = 0. What is the greatest common factor of 96 and p?
24
Let r = -46 + 79. What is the highest common divisor of r and 11?
11
Let o = 4 + 0. Calculate the highest common factor of o and 12.
4
Suppose 4*k + 13 = 85. Suppose -3*g - 5*t + 110 = 0, -4*g + 3*g - 4*t = -25. What is the highest common factor of k and g?
9
Suppose 70 = 5*h - 0*h. Suppose -2*n + 7*n = 10. Suppose -224 = -4*f + n*f. What is the highest common factor of f and h?
14
Suppose 0 = 5*h - 5*d - 145, -3*h + 4*d - 172 = -8*h. Calculate the greatest common divisor of h and 32.
32
Suppose -722 + 262 = 5*o - 4*y, 0 = 3*y - 15. Let n = -32 - o. Calculate the highest common factor of 14 and n.
14
Suppose 0 = -2*a - a + 9. What is the highest common factor of a and 2?
1
Let p be 0 - (2 - 87/3). Let w be 8/20 - (-39)/15. What is the highest common divisor of w and p?
3
Suppose 46 = 2*a - 5*x, 5*x = -5*a - 8 + 53. Calculate the highest common divisor of 169 and a.
13
Let b = 175 + -40. Let j(x) = -4*x + 7. Let w be j(-2). Calculate the highest common divisor of w and b.
15
Suppose 56 + 64 = 3*q - 3*h, -4*q = -h - 175. Let g be q + -6 + (-6)/(-2). What is the greatest common factor of g and 14?
14
Let k = -3 - -3. Suppose 5*f - 375 = -k*f - 5*l, -l = -5. Suppose -3*o - 2 = -o, 2*a + 5*o = 51. Calculate the greatest common factor of a and f.
14
Let t(v) = v**3 - 6*v**2 - 2*v + 6. Let c be t(5). Let q = 51 + c. Suppose 75 = 4*b - 3*d - q, 37 = b - 5*d. What is the highest common divisor of 33 and b?
11
Suppose 3*i + 11 = -7. Let m = i + 6. Suppose m + 2 = s. What is the highest common factor of s and 2?
2
Suppose -2*b + 6*b = 0. Suppose 12 = -b*a + a. What is the greatest common factor of a and 12?
12
Let b(p) = p**3 + 4*p**2 + 3*p. Let y be b(-3). Suppose y*h - 2*h = -16. Calculate the highest common divisor of h and 20.
4
Let r(a) = a - 6. Let j be r(9). Let c = 16 + -11. Suppose 3*q - 4 = c. Calculate the greatest common factor of j and q.
3
Let k be 50*(9/(-6) - -2). Suppose 0 = 2*t + 2*t - 800. What is the greatest common divisor of t and k?
25
Let a = 0 + 3. Suppose 0 = a*p - 4*p - 4*j + 12, 98 = 5*p + j. What is the highest common factor of p and 4?
4
Let b(s) = s**3 - 3*s**2 + s. Suppose 5*c - 24 = 3*c. Suppose -2*g = g - c. Let x be b(g). Calculate the greatest common divisor of x and 140.
20
Let x(n) = 0*n + 3*n - 12 + 10*n. Let k be x(9). Calculate the greatest common divisor of k and 42.
21
Let z be (-64)/(-10) - (-10)/(-25). Let r(t) = 2*t**2 - 9*t + 8. Let b be r(z). Suppose 0 = -5*p - 6 + b. Calculate the highest common factor of p and 12.
4
Let w be 0/(-4) + 7 + -2. Suppose 1402 = w*m + 357. Calculate the greatest common factor of m and 19.
19
Let z be 3/6 - 438/(-4). Calculate the highest common divisor of z and 10.
10
Let c be 1/3 + (-429)/(-9). Let w(r) = r**2 - 2*r - 4. Let v be w(3). Let u be 9/(2 + v) - 3. What is the highest common divisor of c and u?
6
Let y be (4 + 1)*(8 + -6). Calculate the greatest common divisor of 80 and y.
10
Suppose 4*m - t - 34 = t, -m - 2*t = -1. Suppose 0*g - s = 2*g - 16, -s - 14 = -3*g. Let f be (2 + -1)*(1 + g). What is the highest common factor of f and m?
7
Let p be (6/9)/((-4)/6). Let q(z) = -5*z**3 - 1. Let l be q(p). Calculate the highest common factor of 16 and l.
4
Suppose 0*t - 15 = -5*t. Suppose t*s = 2*n + 76, 0*s + 3*s - n - 80 = 0. Calculate the highest common factor of 7 and s.
7
Suppose -309 = 3*u - 6*u + p, -u + 2*p = -108. Let k = 245 - u. Calculate the greatest common factor of 13 and k.
13
Suppose -15*v = -17*v + 22. What is the greatest common divisor of 99 and v?
11
Suppose 0*p + 15 = 3*p. Suppose -2*d - p*h = -50, -5*d - 6*h = -h - 110. What is the highest common divisor of 5 and d?
5
Let c = 3 + 3. Let g(a) = -a**3 + 7*a**2 - 4*a - 7. Let l be g(c). Calculate the greatest common factor of 1 and l.
1
Suppose 4*o - 112 = -3*k + 2*o, -5*k = -4*o - 216. Suppose -4 = 4*u - 6*u + 3*m, 5*u - 17 = 4*m. What is the highest common factor of k and u?
5
Let m(p) = -2*p**3 + 2*p**2 + 3*p + 2. Let c be m(-2). Let v be ((-25)/c)/((-2)/184). Calculate the highest common divisor of v and 23.
23
Suppose 5*p - 109 = 2*p - 5*w, -p = -w - 31. What is the greatest common factor of 44 and p?
11
Suppose 0 = -p + 4*p - 2166. Let c be p/8 - 1/4. Let f = -12 - -22. Calculate the greatest common factor of f and c.
10
Suppose 5*p = r - 60, -2*r + 120 = -p - 0*p. Suppose 20*s = 11*s + 216. Calculate the highest common divisor of s and r.
12
Suppose -8*k = -7*k - 9. Suppose q + 2*f + 3*f - 21 = 0, 3*q - 105 = -f. Calculate the greatest common divisor of q and k.
9
Let g = -65 - -89. What is the greatest common divisor of 16 and g?
8
Let z = 1 - 6. Let l = -3 - z. Suppose -l*o = -4, 86 = 4*p - o + 6*o. What is the highest common factor of p and 171?
19
Let z = 13 - 6. Let l be (-3 - (2 + -4))*-10. Let y be ((-28)/l)/(1/(-5)). Calculate the highest common factor of z and y.
7
Suppose 2*d - 121 = -25. Suppose -4*v + 4*k + 112 = 0, -v = 3*v + 2*k - 118. Suppose v = -4*i + 93. What is the highest common factor of i and d?
16
Let j = -4 + 6. Let i be 3*(j + -1) - -3. Let l be 2*(99/i)/3. Calculate the greatest common divisor of l and 11.
11
Suppose 4 - 7 = 3*l - 4*p, 5*l - 3*p - 6 = 0. Suppose -g - l*g = -528. Suppose i + 12 = 2*i. What is the highest common factor of i and g?
12
Let g be 79/4 + (-1)/(-4). Calculate the highest common factor of g and 5.
5
Let x be (-28)/10 + (-2)/10. Let b be (3 - (x - -1)) + -2. Suppose w - p = 11, 2*w = 8*p - b*p + 19. Calculate the highest common factor of 18 and w.
6
Suppose 61 = 2*g + d, -4*d - 150 + 58 = -4*g. Suppose -4*t + 2*x = t - 420, 0 = 3*t - 2*x - 252. Calculate the highest common factor of t and g.
28
Let o be (-50)/(-13) - (7 + 558/(-78)). Calculate the greatest common factor of 4 and o.
4
Suppose 0 = o + 4*o - 60. Let d be 2 + -1*(-450)/1. Suppose -d = -4*m - 5*j, -2*m + j + 320 = m. Calculate the greatest common factor of o and m.
12
Suppose 7*a - 12*a + 220 = 0. What is the highest common factor of a and 4?
4
Let t = 25 - 17. What is the highest common divisor of 2 and t?
2
Let b be (-6)/9 - (-22)/(-3). Let z be (-3 - 0)/(6/b). Let a(q) = q**2 + q - 2. Let o be a(2). Calculate the highest common factor of o and z.
4
Suppose 1 = -m + 5*u - u, -5*m - 3*u = -64. Suppose -t - 7 = -2*t. Let q = 18 - t. Calculate the greatest common divisor of m and q.
11
Let l be -3 + 2/(6/(-3)). Let u(c) = -16*c - 4. Let s be u(l). Suppose -o = -0*o - s. What is the greatest common factor of o and 15?
15
Suppose 2*r - 68 = 3*p, 3*p - 5*p + r = 44. Let u = -14 - p. Suppose 18 = 2*z + z. Calculate the highest common factor of u and z.
6
Suppose -4*q - 20 = 0, z + 5 + 0 = -2*q. Suppose -45 - 10 = -z*m. What is the greatest common factor of m and 77?
11
Let u = 4 + -3. Let z be u + 3 - (-2 + 1). What is the greatest common factor of z and 35?
5
Let a = -8 - -13. Suppose 3*n + 12 = 21. Suppose p + n*p - 80 = 0. Calculate the greatest common divisor of p and a.
5
Let l(x) = 5*x**2 - 4*x - 3. Let i(y) = -2*y**2 + 2*y + 1. Let u(t) = 7*i(t) + 3*l(t). Let b be u(-3). What is the highest common factor of b and 11?
1
Let r(u) = 3*u + 1. Let n be r(5). Suppose 4*z = 5*s + 47, -n = -z